to base 7.
-12510236
What is 306527 (base 9) in base 16?
2c6bf
-2245114 (base 6) to base 10
-115174
-96722 (base 11) to base 15
-2ba01
Convert 542bb9 (base 12) to base 15.
1b4b40
4f373 (base 16) to base 14
86363
What is fc4a (base 16) in base 4?
33301022
-779732 (base 12) to base 16
-1d0bd6
What is -769885 (base 16) in base 11?
-4429491
What is 100011011111100010001111 (base 2) in base 10?
9304207
What is 42232141 (base 6) in base 8?
4550135
What is -2236210 (base 7) in base 16?
-43f06
10323303132 (base 4) to base 14
259594
-111330254 (base 6) to base 2
-111110000011101111010
What is -341514 (base 7) in base 13?
-21795
-32200123213 (base 4) to base 12
-1334887
111010010110001111010 (base 2) to base 3
10121010200020
Convert -4763235 (base 10) to base 9.
-8858833
What is 858825 (base 13) in base 4?
23330223030
What is 1088992 (base 11) in base 9?
3516026
What is 301266 (base 7) in base 9?
76746
What is 629df8 (base 16) in base 10?
6462968
What is -2004403 (base 5) in base 16?
-7c6d
Convert 3478502 (base 9) to base 14.
370177
What is -2434334043 (base 5) in base 3?
-101212112002201
Convert -ac05c (base 13) to base 8.
-1141363
What is 4140135 (base 9) in base 7?
24536363
Convert -85411 (base 9) to base 3.
-2212110101
Convert -122201133 (base 4) to base 9.
-175020
What is 4a4907 (base 11) in base 7?
6526500
Convert -123232110 (base 4) to base 3.
-12202202210
108b20 (base 13) to base 2
1011111011001100010
3672835 (base 9) to base 8
7473612
Convert 6c02b7 (base 14) to base 9.
6841581
What is 706710 (base 9) in base 6?
12544313
78732 (base 11) to base 13
3cb87
Convert 14432041 (base 5) to base 13.
5589c
What is -8c15b2 (base 15) in base 16?
-6609bf
Convert -111333421 (base 5) to base 11.
-309810
-53051a (base 14) to base 7
-32562633
d6d55 (base 15) to base 2
10100110010110100100
Convert 516768 (base 11) to base 4.
3022112003
Convert 755777 (base 8) to base 5.
31043202
3aa84 (base 14) to base 4
203111330
Convert -55531223 (base 6) to base 9.
-3134066
3d5c9 (base 16) to base 8
752711
What is 1902 (base 13) in base 5?
104340
Convert -433102 (base 8) to base 12.
-6ba82
What is 33f243 (base 16) in base 13?
922716
What is 22000012221112 (base 3) in base 2?
10000001111000001110110
What is -6149098 (base 10) in base 13?
-1373b27
What is -5422755 (base 8) in base 13?
-3ba89c
Convert -14244214 (base 5) to base 14.
-3c8d8
-606215 (base 8) to base 3
-101011002210
9a (base 16) to base 13
bb
22221230011 (base 4) to base 10
2792197
What is 13132014 (base 6) in base 12?
18a00a
61042 (base 11) to base 15
1b683
What is 27083 (base 16) in base 8?
470203
Convert 1644303 (base 7) to base 11.
147573
What is -41314000 (base 5) in base 8?
-1225301
What is -200120220200110 (base 3) in base 10?
-9879177
-4031234 (base 6) to base 13
-68b18
What is -11011010000111 (base 2) in base 16?
-3687
What is 6211161 (base 7) in base 5?
142223334
What is -1d15 (base 16) in base 14?
-29db
Convert 12b20 (base 16) to base 15.
17a51
Convert 1202211021 (base 5) to base 3.
12012212100020
18298 (base 13) to base 7
252601
Convert -540049 (base 13) to base 9.
-3633344
Convert 277556 (base 8) to base 10.
98158
-11100213120 (base 4) to base 12
-565aa0
Convert -28717855 (base 9) to base 6.
-1225140335
-121200303111 (base 4) to base 6
-355202433
Convert -27ba696 (base 12) to base 16.
-797652
What is 12022301121 (base 4) in base 8?
6126131
What is -562242 (base 7) in base 11?
-68632
-1925861 (base 13) to base 7
-130010306
What is 18b2864 (base 12) in base 7?
62164546
-12342315 (base 6) to base 9
-672772
Convert -325330 (base 6) to base 4.
-12213312
What is -101000010111111100011 (base 2) in base 11?
-823a79
1111000101002 (base 3) to base 14
167048
What is 1da79a (base 14) in base 13?
2b439b
-15520545 (base 6) to base 10
-554897
What is 23475 (base 9) in base 14?
5a17
What is -960757 (base 10) in base 2?
-11101010100011110101
What is -22111312002 (base 4) in base 14?
-507d2a
Convert -63ec3 (base 16) to base 11.
-25a556
Convert -182186 (base 10) to base 9.
-306818
What is -22012201212011 (base 3) in base 13?
-b9a6c7
-1404048 (base 10) to base 11
-879978
-3477dd (base 15) to base 13
-69987a
What is 3653 (base 9) in base 3?
10201210
Convert 566882 (base 10) to base 14.
10a838
1066312 (base 7) to base 9
224157
Convert 971b8b (base 14) to base 15.
6b056b
19293b (base 15) to base 6
42121515
What is -1011020102001 (base 3) in base 6?
-21102301
320a (base 12) to base 10
5482
What is -5917884 (base 10) in base 9?
-12118726
Convert -110310013 (base 4) to base 3.
-11022221121
What is -601063 (base 15) in base 14?
-8699c2
What is -1130233202 (base 4) in base 8?
-1345742
What is -1926a7 (base 15) in base 4?
-10222221121
Convert 8912 (base 16) to base 7.
204206
What is -5aa763 (base 11) in base 5?
-221402031
-120010212021 (base 3) to base 4
-1020301030
-1622872 (base 9) to base 13
-25716b
What is 120200043 (base 6) in base 11?
13002a1
4b922 (base 13) to base 16
222b8
Convert -24c29 (base 16) to base 13.
-536c3
-15b69 (base 14) to base 8
-152161
-7338a (base 11) to base 14
-2ad89
Convert 2012bc (base 14) to base 5.
234011300
What is 92adb (base 16) in base 3?
1010112010200
-4200324043 (base 5) to base 15
-b4e8ed
What is -807155 (base 12) in base 16?
-1e9011
-3345572 (base 8) to base 13
-25865c
What is 45475 (base 11) in base 4?
100003321
What is -12c902 (base 14) in base 5?
-131234400
Convert -640524 (base 7) to base 12.
-54099
Convert -30462 (base 7) to base 14.
-29d9
Convert -600b7d (base 16) to base 3.
-102211210021211
What is -110910 (base 10) in base 11?
-76368
What is -11212100200 (base 3) in base 9?
-155320
-38c69 (base 13) to base 12
-50b92
Convert 39c50 (base 14) to base 9.
236254
-1010001110110001011001 (base 2) to base 10
-2681945
Convert -2311222221 (base 4) to base 8.
-2655251
Convert 20312221103 (base 4) to base 10.
2320979
Convert 19e0c9 (base 15) to base 16.
134367
What is -267382 (base 9) in base 15?
-333de
-857a4 (base 13) to base 5
-30201130
22252005 (base 7) to base 15
2816e9
What is 1010011101010011 (base 2) in base 4?
22131103
What is 2744230 (base 12) in base 15?
a4244c
Convert 14960 (base 15) to base 6.
1230400
Convert 57904 (base 12) to base 16.
1c954
Convert -35552 (base 12) to base 11.
-498a9
Convert -539907 (base 11) to base 14.
-186337
Convert 520503 (base 7) to base 15.
1b5e0
Convert 148243 (base 9) to base 6.
1542450
What is -1389776 (base 10) in base 8?
-5232320
What is 1326121 (base 12) in base 6?
213040441
What is -15106614 (base 8) in base 16?
-348d8c
413421124 (base 5) to base 8
6373046
What is -a26437 (base 15) in base 5?
-3433404302
What is 45245340 (base 6) in base 15?
1c25ec
What is -23224305 (base 6) in base 9?
-1315205
What is -300133112 (base 4) in base 16?
-307d6
What is -10964b3 (base 13) in base 8?
-23344606
What is -33013244 (base 5) in base 7?
-2254050
What is 52201402 (base 7) in base 6?
234010544
3222324 (base 5) to base 12
277b6
What is -195430 (base 12) in base 2?
-1101100100100100100
What is -b586 (base 13) in base 8?
-61042
11557a (base 14) to base 2
10010000010011001000
What is 244323 (base 6) in base 2?
101010011011011
1462210 (base 7) to base 16
30d8a
What is 300346 (base 7) in base 5?
3104402
Convert 439720 (base 10) to base 3.
211100011221
What is 2a3245 (base 14) in base 8?
5464115
Convert -111110010000 (base 3) to base 14.
-6c67a
Convert -34535353 (base 6) to base 12.
-437559
Convert 8070ca (base 13) to base 7.
34244134
-2c49305 (base 13) to base 5
-12121244123
What is -133013132 (base 4) in base 6?
-2422022
Convert 270005 (base 9) to base 10.
164030
-11010001011101001 (base 2) to base 15
-21b96
Convert 2511995 (base 12) to base 13.
1666532
Convert 42384c (base 14) to base 12.
8bb178
Convert -13312032 (base 5) to base 6.
-2522123
Convert 1615210 (base 7) to base 6.
4435024
What is 284a0a6 (base 13) in base 16?
c2b4f8
-d2785 (base 14) to base 13
-149649
Convert -11110110001010101110001 (base 2) to base 13.
-1895738
What is 67350 (base 9) in base 12?
21a99
What is -57a1330 (base 11) in base 13?
-213a447
-123412 (base 5) to base 2
-1001011111001
What is -452402154 (base 6) in base 14?
-1148062
Convert 53028 (base 11) to base 9.
126838
Convert -40bd79 (base 15) to base 7.
-35105532
Convert 203020103 (base 4) to base 2.
100011001000010011
Convert -244424 (bas